s divided by 26.
22
What is the remainder when 2414 is divided by 10?
4
What is the remainder when 90 is divided by 9?
0
What is the remainder when 6617 is divided by 18?
11
Calculate the remainder when 448 is divided by 146.
10
Calculate the remainder when 5839 is divided by 16.
15
What is the remainder when 427 is divided by 86?
83
What is the remainder when 112 is divided by 4?
0
What is the remainder when 213 is divided by 9?
6
Calculate the remainder when 1466 is divided by 147.
143
Calculate the remainder when 233 is divided by 64.
41
Calculate the remainder when 282 is divided by 10.
2
Calculate the remainder when 1033 is divided by 5.
3
Calculate the remainder when 298 is divided by 83.
49
What is the remainder when 449 is divided by 161?
127
What is the remainder when 2755 is divided by 546?
25
Calculate the remainder when 189 is divided by 6.
3
What is the remainder when 188 is divided by 51?
35
Calculate the remainder when 162 is divided by 42.
36
What is the remainder when 146 is divided by 37?
35
What is the remainder when 827 is divided by 480?
347
What is the remainder when 277 is divided by 14?
11
Calculate the remainder when 14614 is divided by 9.
7
Calculate the remainder when 2368 is divided by 197.
4
Calculate the remainder when 677 is divided by 40.
37
Calculate the remainder when 404 is divided by 194.
16
Calculate the remainder when 598 is divided by 10.
8
What is the remainder when 123 is divided by 73?
50
What is the remainder when 7304 is divided by 58?
54
Calculate the remainder when 122 is divided by 22.
12
What is the remainder when 2527 is divided by 46?
43
Calculate the remainder when 643 is divided by 92.
91
Calculate the remainder when 1385 is divided by 93.
83
What is the remainder when 1999 is divided by 80?
79
Calculate the remainder when 1502 is divided by 61.
38
What is the remainder when 80 is divided by 42?
38
Calculate the remainder when 56 is divided by 12.
8
Calculate the remainder when 2855 is divided by 110.
105
What is the remainder when 1453 is divided by 483?
4
Calculate the remainder when 324 is divided by 113.
98
Calculate the remainder when 235 is divided by 100.
35
Calculate the remainder when 779 is divided by 29.
25
Calculate the remainder when 250 is divided by 18.
16
What is the remainder when 6014 is divided by 2001?
11
What is the remainder when 14 is divided by 6?
2
What is the remainder when 1420 is divided by 26?
16
What is the remainder when 57 is divided by 24?
9
Calculate the remainder when 188 is divided by 113.
75
Calculate the remainder when 29 is divided by 20.
9
What is the remainder when 12055 is divided by 12052?
3
What is the remainder when 1706 is divided by 421?
22
What is the remainder when 185 is divided by 5?
0
Calculate the remainder when 1005 is divided by 84.
81
Calculate the remainder when 1630 is divided by 129.
82
Calculate the remainder when 209 is divided by 32.
17
What is the remainder when 59 is divided by 8?
3
What is the remainder when 114 is divided by 2?
0
Calculate the remainder when 408 is divided by 82.
80
Calculate the remainder when 9994 is divided by 17.
15
Calculate the remainder when 677 is divided by 40.
37
Calculate the remainder when 618 is divided by 27.
24
Calculate the remainder when 1004 is divided by 56.
52
What is the remainder when 1240 is divided by 158?
134
What is the remainder when 456 is divided by 51?
48
Calculate the remainder when 206 is divided by 163.
43
Calculate the remainder when 2847 is divided by 32.
31
What is the remainder when 222 is divided by 23?
15
Calculate the remainder when 604 is divided by 13.
6
What is the remainder when 6322 is divided by 124?
122
What is the remainder when 2545 is divided by 47?
7
Calculate the remainder when 52 is divided by 19.
14
Calculate the remainder when 1232 is divided by 3.
2
What is the remainder when 165 is divided by 54?
3
What is the remainder when 19801 is divided by 85?
81
What is the remainder when 21 is divided by 7?
0
What is the remainder when 70 is divided by 60?
10
What is the remainder when 93 is divided by 28?
9
Calculate the remainder when 349 is divided by 82.
21
Calculate the remainder when 554 is divided by 9.
5
Calculate the remainder when 49 is divided by 42.
7
Calculate the remainder when 161 is divided by 17.
8
What is the remainder when 221 is divided by 32?
29
Calculate the remainder when 26 is divided by 11.
4
Calculate the remainder when 275 is divided by 84.
23
Calculate the remainder when 680 is divided by 62.
60
What is the remainder when 3460 is divided by 26?
2
Calculate the remainder when 2593 is divided by 184.
17
Calculate the remainder when 280 is divided by 256.
24
What is the remainder when 97 is divided by 10?
7
Calculate the remainder when 282 is divided by 59.
46
Calculate the remainder when 42 is divided by 14.
0
Calculate the remainder when 763 is divided by 94.
11
What is the remainder when 142 is divided by 84?
58
Calculate the remainder when 36 is divided by 34.
2
Calculate the remainder when 1119 is divided by 279.
3
Calculate the remainder when 614 is divided by 297.
20
Calculate the remainder when 806 is divided by 427.
379
What is the remainder when 9679 is divided by 44?
43
What is the remainder when 715 is divided by 19?
12
Calculate the remainder when 1258 is divided by 80.
58
What is the remainder when 359 is divided by 12?
11
What is the remainder when 293 is divided by 83?
44
What is the remainder when 63 is divided by 8?
7
What is the remainder when 65 is divided by 23?
19
Calculate the remainder when 183 is divided by 37.
35
What is the remainder when 179 is divided by 50?
29
Calculate the remainder when 97 is divided by 46.
5
Calculate the remainder when 133 is divided by 23.
18
Calculate the remainder when 1097 is divided by 65.
57
What is the remainder when 160 is divided by 23?
22
Calculate the remainder when 1380 is divided by 89.
45
Calculate the remainder when 234 is divided by 112.
10
Calculate the remainder when 1005 is divided by 163.
27
Calculate the remainder when 3353 is divided by 13.
12
Calculate the remainder when 7437 is divided by 15.
12
What is the remainder when 168 is divided by 2?
0
What is the remainder when 15651 is divided by 364?
363
What is the remainder when 22852 is divided by 15?
7
What is the remainder when 83 is divided by 5?
3
Calculate the remainder when 58 is divided by 19.
1
Calculate the remainder when 522 is divided by 113.
70
What is the remainder when 23998 is divided by 200?
198
Calculate the remainder when 1523 is divided by 152.
3
Calculate the remainder when 6545 is divided by 23.
13
What is the remainder when 473 is divided by 79?
78
What is the remainder when 350 is divided by 60?
50
Calculate the remainder when 2832 is divided by 68.
44
Calculate the remainder when 187 is divided by 68.
51
What is the remainder when 1561 is divided by 56?
49
Calculate the remainder when 593 is divided by 83.
12
What is the remainder when 780 is divided by 24?
12
Calculate the remainder when 8278 is divided by 20.
18
What is the remainder when 837 is divided by 258?
63
What is the remainder when 30740 is divided by 72?
68
What is the remainder when 8566 is divided by 14?
12
Calculate the remainder when 4491 is divided by 150.
141
Calculate the remainder when 566 is divided by 71.
69
What is the remainder when 140 is divided by 29?
24
What is the remainder when 221 is divided by 15?
11
Calculate the remainder when 147 is divided by 23.
9
Calculate the remainder when 7463 is divided by 2483.
14
What is the remainder when 77 is divided by 67?
10
What is the remainder when 49 is divided by 4?
1
Calculate the remainder when 4927 is divided by 2462.
3
What is the remainder when 63 is divided by 6?
3
Calculate the remainder when 32 is divided by 7.
4
What is the remainder when 1893 is divided by 20?
13
Calculate the remainder when 191 is divided by 62.
5
Calculate the remainder when 703 is divided by 86.
15
What is the remainder when 59 is divided by 22?
15
Calculate the remainder when 557 is divided by 20.
17
What is the remainder when 1267 is divided by 156?
19
Calculate the remainder when 625 is divided by 90.
85
What is the remainder when 179 is divided by 26?
23
Calculate the remainder when 264 